{"id":34,"date":"2016-05-09T19:30:53","date_gmt":"2016-05-09T18:30:53","guid":{"rendered":"http:\/\/antiquite-avenir.org\/?page_id=34"},"modified":"2025-07-13T11:02:37","modified_gmt":"2025-07-13T09:02:37","slug":"contact","status":"publish","type":"page","link":"https:\/\/www.antiquite-avenir.org\/","title":{"rendered":"Nous contacter"},"content":{"rendered":"<p><strong><img loading=\"lazy\" decoding=\"async\" class=\"wp-image-522 size-medium aligncenter\" src=\"http:\/\/antiquite-avenir.org\/wp-content\/uploads\/2016\/05\/Logo-AA_Vd\u00e9f-300x164.jpg\" alt=\"\" width=\"300\" height=\"164\" \/><\/strong><\/p>\n<p>&nbsp;<\/p>\n<p><strong>Emmanu\u00e8le CAIRE\u00a0 <\/strong>(APLAES), secr\u00e9taire<\/p>\n<p><a href=\"mailto:secretaire@antiquite-avenir.org\">secretariat@antiquite-avenir.org<\/a><\/p>\n<p><b>Florian AUDUREAU\u00a0<\/b>(APLAES), secr\u00e9taire -adjoint<\/p>\n<p><a href=\"mailto:communication@antiquite-avenir.org\">communication@antiquite-avenir.org<\/a><\/p>\n<p><strong>Sylvie PITTIA <\/strong>(SoPHAU), tr\u00e9sori\u00e8re<\/p>\n<p><a href=\"mailto:tresorerie@antiquite-avenir.org\">tresorerie@antiquite-avenir.org<\/a><\/p>\n<p><strong>Pierre-Olivier HOCHARD<\/strong> (SFN), tr\u00e9sorier-adjoint<\/p>\n<p><a href=\"mailto:tresorerie@antiquite-avenir.org\">tresorerie@antiquite-avenir.org<\/a><\/p>\n<p>&nbsp;<\/p>\n<!-- AddThis Advanced Settings generic via filter on the_content --><!-- AddThis Share Buttons generic via filter on the_content -->","protected":false},"excerpt":{"rendered":"<p>&nbsp; Emmanu\u00e8le CAIRE\u00a0 (APLAES), secr\u00e9taire secretariat@antiquite-avenir.org Florian AUDUREAU\u00a0(APLAES), secr\u00e9taire -adjoint communication@antiquite-avenir.org Sylvie PITTIA (SoPHAU), tr\u00e9sori\u00e8re tresorerie@antiquite-avenir.org Pierre-Olivier HOCHARD (SFN), tr\u00e9sorier-adjoint tresorerie@antiquite-avenir.org &nbsp;<!-- AddThis Advanced Settings generic via filter on wp_trim_excerpt --><!-- AddThis Share Buttons generic via filter on wp_trim_excerpt --><\/p>\n","protected":false},"author":1,"featured_media":0,"parent":0,"menu_order":2,"comment_status":"closed","ping_status":"closed","template":"","meta":{"footnotes":""},"class_list":["post-34","page","type-page","status-publish","hentry"],"_links":{"self":[{"href":"https:\/\/www.antiquite-avenir.org\/index.php?rest_route=\/wp\/v2\/pages\/34","targetHints":{"allow":["GET"]}}],"collection":[{"href":"https:\/\/www.antiquite-avenir.org\/index.php?rest_route=\/wp\/v2\/pages"}],"about":[{"href":"https:\/\/www.antiquite-avenir.org\/index.php?rest_route=\/wp\/v2\/types\/page"}],"author":[{"embeddable":true,"href":"https:\/\/www.antiquite-avenir.org\/index.php?rest_route=\/wp\/v2\/users\/1"}],"replies":[{"embeddable":true,"href":"https:\/\/www.antiquite-avenir.org\/index.php?rest_route=%2Fwp%2Fv2%2Fcomments&post=34"}],"version-history":[{"count":13,"href":"https:\/\/www.antiquite-avenir.org\/index.php?rest_route=\/wp\/v2\/pages\/34\/revisions"}],"predecessor-version":[{"id":1442,"href":"https:\/\/www.antiquite-avenir.org\/index.php?rest_route=\/wp\/v2\/pages\/34\/revisions\/1442"}],"wp:attachment":[{"href":"https:\/\/www.antiquite-avenir.org\/index.php?rest_route=%2Fwp%2Fv2%2Fmedia&parent=34"}],"curies":[{"name":"wp","href":"https:\/\/api.w.org\/{rel}","templated":true}]}}