{"id":30,"date":"2016-05-09T19:16:31","date_gmt":"2016-05-09T18:16:31","guid":{"rendered":"http:\/\/antiquite-avenir.org\/?page_id=30"},"modified":"2025-11-29T18:28:49","modified_gmt":"2025-11-29T17:28:49","slug":"le-comite-dhonneur","status":"publish","type":"page","link":"https:\/\/www.antiquite-avenir.org\/?page_id=30","title":{"rendered":"Comit\u00e9 d&rsquo;honneur"},"content":{"rendered":"<p><strong>Antiquit\u00e9-Avenir. R\u00e9seau des associations li\u00e9es \u00e0 l\u2019Antiquit\u00e9.<\/strong><\/p>\n<p>&nbsp;<\/p>\n<p><img loading=\"lazy\" decoding=\"async\" class=\"wp-image-522 size-medium aligncenter\" src=\"http:\/\/antiquite-avenir.org\/wp-content\/uploads\/2016\/05\/Logo-AA_Vd\u00e9f-300x164.jpg\" alt=\"\" width=\"300\" height=\"164\" \/><\/p>\n<p>&nbsp;<\/p>\n<p style=\"text-align: center;\"><strong>\u00a0<\/strong><strong>COMIT\u00c9 D\u2019HONNEUR <\/strong><\/p>\n<p>Alix BARBET, arch\u00e9ologue, directrice de recherche honoraire CNRS.<\/p>\n<p>Marianne BASTID-BRUGUI\u00c8RE, membre de l\u2019Institut (Acad\u00e9mie des sciences morales et politiques), sinologue.<\/p>\n<p>Nicolas BAVEREZ, historien et \u00e9conomiste.<\/p>\n<p>\u00c9tienne-\u00c9mile BEAULIEU, membre de l\u2019Institut (Acad\u00e9mie des sciences), Acad\u00e9mie de m\u00e9decine, professeur honoraire au Coll\u00e8ge de France, Foreign Associate of the National Academy of Sciences (USA).<\/p>\n<p>\u2020 Yves BONNEFOY, po\u00e8te, professeur\u00a0 au Coll\u00e8ge de France. (D\u00e9c\u00e9d\u00e9 en 2016).<\/p>\n<p>Patrick BOUCHERON, professeur au Coll\u00e8ge de France (Chaire : Histoire des pouvoirs en Europe occidentale, XIII<sup>e<\/sup>-XVI<sup>e<\/sup> si\u00e8cles).<\/p>\n<p>Soukaina BOURAOUI, directrice du centre des femmes arabes pour l\u2019\u00e9ducation et la culture.<\/p>\n<p>Pascale BOURGAIN, professeur \u00e0 l\u2019\u00c9cole nationale des chartes (litt\u00e9rature latine), membre correspondant de l\u2019Institut (Acad\u00e9mie des inscriptions et belles-lettres).<\/p>\n<p>Fr\u00e9d\u00e9ric BOYER, \u00e9crivain et traducteur.<\/p>\n<p>R\u00e9mi BRAGUE, membre de l\u2019Institut (Acad\u00e9mie des sciences morales et politiques), philosophe.<\/p>\n<p>Fran\u00e7oise BRIQUEL-CHATONNET, directrice de recherche au CNRS dans l\u2019unit\u00e9 Orient et M\u00e9diterran\u00e9e (UMR 8167 du CNRS, Paris-Sorbonne, Paris 1 Panth\u00e9on-Sorbonne, \u00c9cole Pratique des Hautes \u00c9tudes), membre correspondant de l\u2019Institut (Acad\u00e9mie des inscriptions et belles-lettres).<\/p>\n<p>Pierre BRUNEL, membre de l\u2019Institut (Acad\u00e9mie des sciences morales et politiques).<\/p>\n<p>Kostas BURASELIS, professeur d\u2019histoire ancienne, Vice-Pr\u00e9sident Recherche et Relations Internationales \u00e0 l\u2019Universit\u00e9 nationale d\u2019Ath\u00e8nes et \u00e0 l\u2019Universit\u00e9 Kapodistria.<\/p>\n<p>Jean CANAVAGGIO, professeur \u00e9m\u00e9rite de l\u2019Universit\u00e9 de Nanterre.<\/p>\n<p>H\u00e9l\u00e8ne CARR\u00c8RE D\u2019ENCAUSSE, Secr\u00e9taire perp\u00e9tuel de l\u2019Acad\u00e9mie fran\u00e7aise.<\/p>\n<p>Michel CASEVITZ, professeur \u00e9m\u00e9rite de philologie grecque.<\/p>\n<p>Fran\u00e7ois CHENG, de l\u2019Acad\u00e9mie fran\u00e7aise, \u00e9crivain, po\u00e8te et calligraphe.<\/p>\n<p>Jean-Pierre CHEV\u00c8NEMENT, ancien ministre.<\/p>\n<p>Xavier DARCOS, de l\u2019Acad\u00e9mie fran\u00e7aise, Chancelier de l\u2019Institut de France, membre de l\u2019Institut (Acad\u00e9mie des sciences morales et politiques), ancien ministre de l\u2019\u00c9ducation nationale.<\/p>\n<p>\u2020 Michel DEGUY, po\u00e8te et philosophe. (D\u00e9c\u00e9d\u00e9 en 2022)<\/p>\n<p>Paul DEMONT, professeur \u00e0 l\u2019Institut de grec de l\u2019Universit\u00e9 de Paris-Sorbonne.<\/p>\n<p>Jean-Paul DEMOULE, professeur de protohistoire europ\u00e9enne \u00e0 l\u2019Universit\u00e9 Paris\u00a01\u00a0Panth\u00e9on-Sorbonne.<\/p>\n<p>Vincent DESCOMBES, directeur \u00e0 l\u2019\u00c9cole pratique des hautes \u00e9tudes en sciences sociales.<\/p>\n<p>Augustin D\u2019HUMI\u00c8RES, professeur agr\u00e9g\u00e9 de lettres classiques au lyc\u00e9e Jean-Vilar de Meaux (Seine-et-Marne), fondateur et ancien pr\u00e9sident de l\u2019association <em>M\u00eatis<\/em>.<\/p>\n<p>Pierre DUCREY, professeur honoraire d\u2019histoire ancienne \u00e0 l\u2019Universit\u00e9 de Lausanne, directeur de la Fondation Hardt, membre associ\u00e9 \u00e9tranger de l\u2019Institut (Acad\u00e9mie des inscriptions et belles-lettres).<\/p>\n<p>Michael EDWARDS, de l\u2019Acad\u00e9mie fran\u00e7aise, po\u00e8te, professeur \u00e9m\u00e9rite au Coll\u00e8ge de France (Chaire d\u2019\u00e9tude de cr\u00e9ation litt\u00e9raire en langue anglaise).<\/p>\n<p>Maha EL-KHALIL CHALABI, ambassadrice de Bonne Volont\u00e9 de l\u2019UNESCO, Fondation Tyr.<\/p>\n<p>Pierre ENCRENAZ, membre de l\u2019Institut (Acad\u00e9mie des sciences), astronome \u00e9m\u00e9rite.<\/p>\n<p>Alexandre FARNOUX, professeur d\u2019arch\u00e9ologie \u00e0 l\u2019Universit\u00e9 de Paris-Sorbonne, directeur de l\u2019\u00c9cole fran\u00e7aise d\u2019Ath\u00e8nes.<\/p>\n<p>\u2020 Jean-Louis FERRARY, directeur d\u2019\u00e9tudes \u00e0 l\u2019\u00c9cole Pratique des Hautes \u00c9tudes, section des sciences historiques et philologiques (institutions et id\u00e9es politiques du monde romain), membre de l\u2019Institut (Acad\u00e9mie des inscriptions et belles-lettres). (D\u00e9c\u00e9d\u00e9 en 2020).<\/p>\n<p>\u2020 Marc FUMAROLI, membre de l\u2019Acad\u00e9mie fran\u00e7aise, membre de l\u2019Institut (Acad\u00e9mie des inscriptions et belles-lettres), professeur au Coll\u00e8ge de France (chaire : rh\u00e9torique et soci\u00e9t\u00e9 en Europe, XVI<sup>e<\/sup>-XVII<sup>e<\/sup> si\u00e8cles). (D\u00e9c\u00e9d\u00e9 en 2020).<\/p>\n<p>\u00c9velyne GARNIER-ZARLI, professeur \u00e0 Universit\u00e9 Paris-Est Cr\u00e9teil, pr\u00e9sidente de la CIRUISEF (Conf\u00e9rence Internationale des Responsables des Universit\u00e9s et Institutions Scientifiques d\u2019Expression Fran\u00e7aise) &#8211; r\u00e9seau institutionnel AUF.<\/p>\n<p>Thierry GRILLET, directeur de la diffusion culturelle \u00e0 la Biblioth\u00e8que nationale de France.<\/p>\n<p>Nicolas GRIMAL, professeur au Coll\u00e8ge de France (Chaire de civilisation pharaonique\u00a0: arch\u00e9ologie, philologie, histoire), membre de l\u2019Institut (Acad\u00e9mie des inscriptions et belles-lettres.<\/p>\n<p>Val\u00e9rie HANNIN, directrice de la r\u00e9daction de la revue <em>Histoire<\/em>.<\/p>\n<p>Fran\u00e7ois HARTOG, historien, directeur d\u2019\u00e9tudes \u00e0 l\u2019\u00c9cole des Hautes \u00c9tudes en Sciences Sociales.<\/p>\n<p>Jules HOFFMANN, de l\u2019Acad\u00e9mie fran\u00e7aise, prix Nobel de m\u00e9decine 2011.<\/p>\n<p>Jean-No\u00ebl JEANNENEY, ancien pr\u00e9sident de la Biblioth\u00e8que nationale de France.<\/p>\n<p>Francis JOANN\u00c8S, professeur \u00e9m\u00e9rite d\u2019histoire ancienne \u00e0 l\u2019Universit\u00e9 Paris 1 Panth\u00e9on-Sorbonne (histoire m\u00e9sopotamienne, rapports Bible-M\u00e9sopotamie, langues anciennes du Proche-Orient), directeur de l\u2019unit\u00e9 Arch\u00e9ologies et Sciences de l\u2019Antiquit\u00e9 (ArScAn \u2013 UMR 7041 du CNRS).<\/p>\n<p>Pierre JUDET DE LA COMBE, directeur de recherches au CNRS, directeur d\u2019\u00e9tudes \u00e0 l\u2019\u00c9cole des Hautes \u00c9tudes en Sciences Sociales.<\/p>\n<p>Gy\u00f6rgy KARSAI, professeur de philologie classique \u00e0 l\u2019Universit\u00e9 de Budapest.<\/p>\n<p>Denis KNOEPFLER, membre associ\u00e9 \u00e9tranger de l\u2019Institut (Acad\u00e9mie des inscriptions et belles-lettres), professeur honoraire au Coll\u00e8ge de France (\u00e9pigraphie et histoire des cit\u00e9s grecques).<\/p>\n<p>Laurent LAFFORGUE, math\u00e9maticien (m\u00e9daille Fields 2002), professeur \u00e0 l\u2019Institut des hautes \u00e9tudes scientifiques (IHES), membre de l\u2019Institut (Acad\u00e9mie des sciences).<\/p>\n<p>Pierre LAURENS, professeur \u00e9m\u00e9rite de litt\u00e9rature latine du Moyen \u00c2ge et de la Renaissance, membre de l\u2019Institut (Acad\u00e9mie des inscriptions et belles-lettres).<\/p>\n<p>Bernard LEGRAS, professeur d\u2019histoire grecque, r\u00e9f\u00e9rent La\u00efcit\u00e9, Universit\u00e9 Paris\u00a01 Panth\u00e9on-Sorbonne.<\/p>\n<p>Anne-Marie LE POURHIET, vice-pr\u00e9sidente de l\u2019Association fran\u00e7aise de droit constitutionnel.<\/p>\n<p>Jacques LE RIDER, directeur d\u2019\u00e9tudes \u00e0 l\u2019\u00c9cole Pratique des Hautes \u00c9tudes (L\u2019Europe et le monde germanique, \u00e9poque moderne et contemporaine).<\/p>\n<p>Frank LESTRINGANT, professeur de litt\u00e9rature fran\u00e7aise, Universit\u00e9 de Paris-Sorbonne.<\/p>\n<p>Pierre MANENT, directeur \u00e0 l\u2019\u00c9cole des Hautes \u00c9tudes en Sciences Sociales (Litt\u00e9rature politique).<\/p>\n<p>Dario MANTOVANI, professeur de droit romain, directeur du Centre d\u2019\u00c9tudes sur les Droits Anciens (CEDANT) et de la revue <em>Athenaeum<\/em>, correspondant \u00e9tranger de l\u2019Institut (Acad\u00e9mie des inscriptions et belles-lettres).<\/p>\n<p>Pierre MAZEAUD, membre de l\u2019Institut (Acad\u00e9mie des sciences morales et politiques), pr\u00e9sident honoraire du Conseil constitutionnel, ancien ministre, alpiniste.<\/p>\n<p>Daniel MESGUICH, acteur, metteur en sc\u00e8ne et professeur de th\u00e9\u00e2tre.<\/p>\n<p>Yves MEYER, membre de l\u2019Institut (Acad\u00e9mie des sciences), Foreign Associate of the National Academy of Sciences (USA), Foreign Honorary Member of the American Academy of Arts and Sciences.<\/p>\n<p>Claudia MOATTI, historienne, professeur d\u2019histoire romaine\u00a0\u00e0 l\u2019Universit\u00e9 Paris 8 Vincennes-Saint Denis et \u00e0 University of Southern California de Los Angeles.<\/p>\n<p>C\u00e9cile MORRISSON, historienne et numismate de l\u2019Empire byzantin, ancienne directrice du d\u00e9partement des Monnaies, m\u00e9dailles et antiques de la Biblioth\u00e8que Nationale de France membre de l\u2019Institut (Acad\u00e9mie des inscriptions et belles-lettres).<\/p>\n<p>Pierre NORA, de l\u2019Acad\u00e9mie fran\u00e7aise, historien, \u00e9diteur et \u00e9crivain.<\/p>\n<p>Val\u00e8re NOVARINA, \u00e9crivain, dramaturge et metteur en sc\u00e8ne.<\/p>\n<p>Thomas PAVEL, professeur \u00e0 l\u2019Universit\u00e9 de Chicago (litt\u00e9rature fran\u00e7aise et compar\u00e9e).<\/p>\n<p>Jean-Robert PITTE, secr\u00e9taire perp\u00e9tuel de l\u2019Acad\u00e9mie des sciences morales et politiques), professeur \u00e9m\u00e9rite de g\u00e9ographie \u00e0 l\u2019Universit\u00e9 Paris-Sorbonne (Paris IV), ancien pr\u00e9sident de l\u2019Universit\u00e9 Paris-Sorbonne (Paris IV).<\/p>\n<p>Christian PRIGENT, \u00e9crivain, po\u00e8te et critique litt\u00e9raire.<\/p>\n<p>Maurice QUENET, recteur honoraire.<\/p>\n<p>Leila SAADE, pr\u00e9sidente de l\u2019\u00c9cole doctorale de droit du Moyen-Orient, pr\u00e9sidente du R\u00e9seau francophone des femmes responsables dans l\u2019Enseignement sup\u00e9rieur.<\/p>\n<p>Maurice SARTRE, professeur \u00e9m\u00e9rite d\u2019histoire ancienne \u00e0 l\u2019Universit\u00e9\u00a0Fran\u00e7ois-Rabelais de Tours.<\/p>\n<p>John SCHEID, membre de l\u2019Institut (Acad\u00e9mie des inscriptions et belles-lettres), professeur \u00e9m\u00e9rit\u00e9 au Coll\u00e8ge de France (Chaire : Religion, institutions et soci\u00e9t\u00e9 de la Rome antique).<\/p>\n<p>Pauline SCHMITT-PANTEL, professeur \u00e9m\u00e9rite d\u2019histoire grecque \u00e0 l\u2019Universit\u00e9 Paris\u00a01 Panth\u00e9on-Sorbonne, membre de l\u2019unit\u00e9 Anthropologie et Histoire des Mondes Anciens (AnHiMA \u2013 UMR 8210 du CNRS).<\/p>\n<p>Alain SCHNAPP, professeur \u00e9m\u00e9rite d\u2019arch\u00e9ologie grecque \u00e0 l\u2019Universit\u00e9 Paris\u00a01 Panth\u00e9on-Sorbonne, ancien directeur g\u00e9n\u00e9ral de l\u2019Institut National d\u2019Histoire de l\u2019Art (INHA).<\/p>\n<p>Jean-Fran\u00e7ois SIRINELLI, professeur \u00e9m\u00e9rite des universit\u00e9s \u00e0 l\u2019IEP de Paris (histoire culturelle), pr\u00e9sident du Comit\u00e9 fran\u00e7ais des sciences historiques, pr\u00e9sident du comit\u00e9 scientifique d\u2019histoire de l\u2019UNESCO et vice-pr\u00e9sident de l\u2019Association pour le d\u00e9veloppement de l\u2019histoire culturelle.<\/p>\n<p>Monique TR\u00c9D\u00c9, professeur de langue et litt\u00e9rature grecques \u00e0 l\u2019\u00c9cole Normale Sup\u00e9rieure (Paris), membre de l\u2019Institut (Acad\u00e9mie des inscriptions et belles-lettres).<\/p>\n<p>C\u00e9dric VILLANI, math\u00e9maticien (m\u00e9daille Fields 2010), professeur \u00e0 l\u2019universit\u00e9 Claude-Bernard Lyon 1, ancien directeur de l\u2019Institut Henri-Poincar\u00e9, membre de l\u2019Institut (Acad\u00e9mie des sciences), d\u00e9put\u00e9 de la 5<sup>\u00e8me<\/sup> circonscription de l\u2019Essonne.<\/p>\n<p>Catherine VIRLOUVET, professeur d\u2019histoire romaine \u00e0 l\u2019universit\u00e9 d\u2019Aix-Marseille, directrice de l\u2019\u00c9cole fran\u00e7aise de Rome.<\/p>\n<p>Michel ZINK, de l\u2019Acad\u00e9mie fran\u00e7aise, Secr\u00e9taire perp\u00e9tuel de l\u2019Acad\u00e9mie des inscriptions et belles-lettres, professeur \u00e9m\u00e9rite au Coll\u00e8ge de France (Chaire : Litt\u00e9ratures de la France m\u00e9di\u00e9vale).<\/p>\n<p>Arnaud ZUCKER, professeur de langue et litt\u00e9rature grecques \u00e0 l\u2019Universit\u00e9 de Nice Sophia Antipolis, directeur adjoint de l\u2019unit\u00e9 Cultures et Environnements, Pr\u00e9histoire, Antiquit\u00e9, Moyen \u00c2ge (CEPAM-UMR\u00a07264 du CNRS), directeur de la revue \u00e9lectronique <em>RURSUS<\/em>.<\/p>\n<p><strong>\u00a0<\/strong><\/p>\n<p>&nbsp;<\/p>\n<p>(mise \u00e0 jour : avril 2023)<\/p>\n<p>&nbsp;<\/p>\n<p>&nbsp;<\/p>\n<p>&nbsp;<\/p>\n<!-- AddThis Advanced Settings generic via filter on the_content --><!-- AddThis Share Buttons generic via filter on the_content -->","protected":false},"excerpt":{"rendered":"<p>Antiquit\u00e9-Avenir. R\u00e9seau des associations li\u00e9es \u00e0 l\u2019Antiquit\u00e9. &nbsp; &nbsp; \u00a0COMIT\u00c9 D\u2019HONNEUR Alix BARBET, arch\u00e9ologue, directrice de recherche honoraire CNRS. Marianne BASTID-BRUGUI\u00c8RE, membre de l\u2019Institut (Acad\u00e9mie des sciences morales et politiques), sinologue. Nicolas BAVEREZ, historien et \u00e9conomiste. \u00c9tienne-\u00c9mile BEAULIEU, membre de l\u2019Institut (Acad\u00e9mie des sciences), Acad\u00e9mie de m\u00e9decine, professeur honoraire au Coll\u00e8ge de France, Foreign Associate &hellip; <a href=\"https:\/\/www.antiquite-avenir.org\/?page_id=30\" class=\"more-link\">Continuer la lecture de <span class=\"screen-reader-text\">Comit\u00e9 d&rsquo;honneur<\/span>  <span class=\"meta-nav\">&rarr;<\/span><\/a><!-- AddThis Advanced Settings generic via filter on wp_trim_excerpt --><!-- AddThis Share Buttons generic via filter on wp_trim_excerpt --><\/p>\n","protected":false},"author":1,"featured_media":0,"parent":0,"menu_order":0,"comment_status":"closed","ping_status":"closed","template":"","meta":{"footnotes":""},"class_list":["post-30","page","type-page","status-publish","hentry"],"_links":{"self":[{"href":"https:\/\/www.antiquite-avenir.org\/index.php?rest_route=\/wp\/v2\/pages\/30","targetHints":{"allow":["GET"]}}],"collection":[{"href":"https:\/\/www.antiquite-avenir.org\/index.php?rest_route=\/wp\/v2\/pages"}],"about":[{"href":"https:\/\/www.antiquite-avenir.org\/index.php?rest_route=\/wp\/v2\/types\/page"}],"author":[{"embeddable":true,"href":"https:\/\/www.antiquite-avenir.org\/index.php?rest_route=\/wp\/v2\/users\/1"}],"replies":[{"embeddable":true,"href":"https:\/\/www.antiquite-avenir.org\/index.php?rest_route=%2Fwp%2Fv2%2Fcomments&post=30"}],"version-history":[{"count":17,"href":"https:\/\/www.antiquite-avenir.org\/index.php?rest_route=\/wp\/v2\/pages\/30\/revisions"}],"predecessor-version":[{"id":234,"href":"https:\/\/www.antiquite-avenir.org\/index.php?rest_route=\/wp\/v2\/pages\/30\/revisions\/234"}],"wp:attachment":[{"href":"https:\/\/www.antiquite-avenir.org\/index.php?rest_route=%2Fwp%2Fv2%2Fmedia&parent=30"}],"curies":[{"name":"wp","href":"https:\/\/api.w.org\/{rel}","templated":true}]}}