{"id":20,"date":"2016-05-09T19:08:11","date_gmt":"2016-05-09T18:08:11","guid":{"rendered":"http:\/\/antiquite-avenir.org\/?page_id=20"},"modified":"2025-11-08T13:27:42","modified_gmt":"2025-11-08T12:27:42","slug":"les-statuts-dantiquite-avenir","status":"publish","type":"page","link":"https:\/\/www.antiquite-avenir.org\/?page_id=20","title":{"rendered":"Les statuts d&rsquo;Antiquit\u00e9-Avenir"},"content":{"rendered":"<p style=\"text-align: justify;\"><img loading=\"lazy\" decoding=\"async\" class=\"wp-image-522 size-medium aligncenter\" src=\"http:\/\/antiquite-avenir.org\/wp-content\/uploads\/2016\/05\/Logo-AA_Vd\u00e9f-300x164.jpg\" alt=\"\" width=\"300\" height=\"164\" \/><\/p>\n<p>&nbsp;<\/p>\n<p><strong>Statuts vot\u00e9s en Assembl\u00e9e g\u00e9n\u00e9rale extraordinaire le 4 octobre 2025<\/strong><\/p>\n<p><strong>PR\u00c9AMBULE<\/strong><\/p>\n<p>Le r\u00e9seau Antiquit\u00e9-Avenir est un groupement d\u2019associations li\u00e9es \u00e0 l\u2019Antiquit\u00e9 se donnant pour mission de promouvoir et de valoriser la connaissance, les savoirs et la transmission des sciences de l\u2019Antiquit\u00e9.<\/p>\n<p>Ce r\u00e9seau a pour but de\u00a0: 1) faire circuler entre ses membres toutes les informations relatives \u00e0 des manifestations, actions, prises de positions relatives aux sciences de l\u2019Antiquit\u00e9 \u00e9manant de l\u2019un des membres du groupement\u00a0; 2) appuyer, si n\u00e9cessaire, ces manifestations, actions, prises de position particuli\u00e8res par des manifestations, actions, prises de position communes\u00a0; 3) diffuser ces informations, hors du cercle des membres respectifs du groupement, vers un large public, par les moyens vari\u00e9s jug\u00e9s les plus opportuns.<\/p>\n<p><strong>Art. 1<\/strong>\u00a0: Dans la continuit\u00e9 des \u00ab \u00c9tats g\u00e9n\u00e9raux de l\u2019Antiquit\u00e9\u00a0: quels enjeux pour demain\u00a0?\u00a0\u00bb du 28 f\u00e9vrier 2015, il a \u00e9t\u00e9 fond\u00e9 une association r\u00e9gie par la loi du 1er juillet 1901, ayant pour intitul\u00e9 \u00ab\u00a0Antiquit\u00e9-Avenir. R\u00e9seau des Associations li\u00e9es \u00e0 l\u2019Antiquit\u00e9\u00a0\u00bb (d\u00e9sign\u00e9e ci-apr\u00e8s AA). L\u2019association AA a pour mission de mettre en r\u00e9seau les associations partenaires sans jamais se substituer \u00e0 elles et sans porter atteinte \u00e0 leur ind\u00e9pendance. L\u2019association AA a pour buts de mettre en valeur l\u2019Antiquit\u00e9 et ses h\u00e9ritages et d\u2019organiser \u00e0 \u00e9ch\u00e9ances r\u00e9guli\u00e8res des \u00c9tats g\u00e9n\u00e9raux de l\u2019Antiquit\u00e9.<\/p>\n<p>La mise en valeur de l\u2019Antiquit\u00e9 et de ses h\u00e9ritages doit s\u2019entendre de la mani\u00e8re suivante\u00a0: promouvoir et valoriser la connaissance, les savoirs et la transmission des sciences de l\u2019Antiquit\u00e9, qui sont au c\u0153ur des soci\u00e9t\u00e9s contemporaines. En cons\u00e9quence, cette mise en valeur peut consister d\u2019abord en toute action qui sera entreprise dans le but de promouvoir les sciences de l\u2019Antiquit\u00e9 ainsi que les patrimoines culturels et les savoirs li\u00e9s \u00e0 l\u2019Antiquit\u00e9, d\u2019en d\u00e9fendre les moyens de diffusion, en respectant une approche fond\u00e9e sur la raison et l\u2019humanisme. Elle peut consister ensuite en toute d\u00e9marche de nature culturelle, \u00e9ducative ou sociale dont l\u2019objet tendra \u00e0 am\u00e9liorer le dialogue dans l\u2019ensemble des terres h\u00e9riti\u00e8res des cultures antiques.<\/p>\n<p><strong>\u00a0<\/strong><\/p>\n<p><strong>Art. 2<\/strong>\u00a0: AA est une association loi de 1901, enregistr\u00e9e sous le num\u00e9ro RNA W751234104. \u00ab\u00a0Antiquit\u00e9-Avenir\u00a0\u00bb est une marque d\u00e9pos\u00e9e aupr\u00e8s de l\u2019INPI (Institut national de la propri\u00e9t\u00e9 intellectuelle) sous le num\u00e9ro FR 4407305. Le si\u00e8ge de l\u2019association est fix\u00e9 \u00e0 la Maison de la Recherche, 28 rue Serpente \u2013 75006 Paris. Le pr\u00e9sident, ou \u00e0 d\u00e9faut le secr\u00e9taire, est le repr\u00e9sentant l\u00e9gal de l\u2019association.<\/p>\n<p>&nbsp;<\/p>\n<p><strong>Art. 3\u00a0:<\/strong> Les membres de l\u2019association AA sont des personnes morales et tout particuli\u00e8rement des associations, repr\u00e9sent\u00e9es par un mandataire de l\u2019association mandante, laquelle doit \u00eatre \u00e0 jour de sa cotisation aupr\u00e8s d\u2019AA.<\/p>\n<p>&nbsp;<\/p>\n<p><strong>Art. 4<\/strong>\u00a0: Les membres de droit sont constitu\u00e9s par les deux associations \u00e0 l\u2019origine du mouvement qui a permis la cr\u00e9ation d\u2019AA\u00a0: l\u2019APLAES (Association des Professeurs de Langues Anciennes de l\u2019Enseignement Sup\u00e9rieur) et la SoPHAU (Soci\u00e9t\u00e9 des Professeurs d\u2019Histoire Ancienne de l\u2019Universit\u00e9). Ces deux associations ont vocation \u00e0 \u00eatre repr\u00e9sent\u00e9es au sein du directoire tant que durera l\u2019association AA. Elles ne sont donc pas concern\u00e9es par la limite de trois mandats fix\u00e9e \u00e0 l\u2019article 14. Les membres de droit doivent acquitter la cotisation annuelle dont le montant est fix\u00e9 par l\u2019assembl\u00e9e g\u00e9n\u00e9rale.<\/p>\n<p>&nbsp;<\/p>\n<p><strong>Art. 5<\/strong>\u00a0: Sont membres actifs les associations ou autres personnes morales, membres du r\u00e9seau \u00e0 la date de la r\u00e9vision des pr\u00e9sents statuts. Elles doivent s\u2019acquitter de la cotisation dont le montant est fix\u00e9 par l\u2019assembl\u00e9e g\u00e9n\u00e9rale. Les membres actifs poss\u00e8dent le droit de vote au sein de l\u2019assembl\u00e9e g\u00e9n\u00e9rale.<\/p>\n<p>&nbsp;<\/p>\n<p><strong>Art. 6<\/strong>\u00a0: Chaque association ou autre personne morale, membre de droit ou membre actif, poss\u00e8de une voix. Chaque voix est d\u00e9lib\u00e9rative. Aucune personne physique ne saurait repr\u00e9senter plus d\u2019une association en m\u00eame temps.<\/p>\n<p>&nbsp;<\/p>\n<p><strong>Art. 7\u00a0:<\/strong> Peut rejoindre le r\u00e9seau toute association ou autre personne morale qui pr\u00e9sente une demande d\u2019adh\u00e9sion parrain\u00e9e par deux membres d\u2019AA et qui s\u2019engage \u00e0 respecter les principes \u00e9thiques de l\u2019association AA. Le directoire statue sur les demandes qui lui sont pr\u00e9sent\u00e9es et les propose \u00e0 la plus prochaine assembl\u00e9e g\u00e9n\u00e9rale, qui se prononce \u00e0 la majorit\u00e9 simple. Une association devient membre actif d\u00e8s lors qu\u2019elle s\u2019est acquitt\u00e9e de la cotisation annuelle.<\/p>\n<p><strong>\u00a0<\/strong><\/p>\n<p><strong>Art. 8<\/strong>: La qualit\u00e9 de membre se perd par la d\u00e9mission, la dissolution, la radiation prononc\u00e9e par le directoire pour non-paiement de la cotisation pendant deux ann\u00e9es cons\u00e9cutives ou pour motif grave, l\u2019int\u00e9ress\u00e9 ayant \u00e9t\u00e9 invit\u00e9 par lettre recommand\u00e9e \u00e0 se pr\u00e9senter devant le directoire pour fournir des explications.<\/p>\n<p>&nbsp;<\/p>\n<p><strong>Art. 9<\/strong>\u00a0: L\u2019assembl\u00e9e g\u00e9n\u00e9rale comprend un repr\u00e9sentant de chaque association ou autre personne morale, membre de droit ou membre actif. Toute association ou autre personne morale membre peut se faire repr\u00e9senter par un autre membre. Aucun membre ne peut d\u00e9tenir plus de trois procurations. L\u2019assembl\u00e9e g\u00e9n\u00e9rale se r\u00e9unit au moins une fois par an et fixe le montant des cotisations. Le pr\u00e9sident (ou \u00e0 d\u00e9faut le secr\u00e9taire), assist\u00e9 des autres membres du directoire, pr\u00e9side l\u2019assembl\u00e9e, pr\u00e9sente le rapport moral et le soumet \u00e0 l\u2019approbation de l\u2019assembl\u00e9e. Le tr\u00e9sorier soumet le bilan de sa gestion \u00e0 l\u2019approbation de l\u2019assembl\u00e9e. L\u2019assembl\u00e9e g\u00e9n\u00e9rale vote l\u2019admission des nouveaux membres puis elle \u00e9lit les membres du directoire. Sur proposition du quart des membres \u00e0 jour de leur cotisation ou de la moiti\u00e9 des membres du directoire en exercice, une assembl\u00e9e g\u00e9n\u00e9rale extraordinaire peut \u00eatre convoqu\u00e9e.<\/p>\n<p>&nbsp;<\/p>\n<p><strong>Art. 10<\/strong>\u00a0: Le directoire se compose de cinq repr\u00e9sentants des membres de droit, et de dix repr\u00e9sentants des membres actifs. Chaque repr\u00e9sentant d\u2019une association au directoire poss\u00e8de une voix. En cas d\u2019absence de son repr\u00e9sentant titulaire et de son suppl\u00e9ant, toute association membre du directoire peut \u00eatre repr\u00e9sent\u00e9e par un autre membre. Nul ne peut d\u00e9tenir plus d\u2019une procuration.<\/p>\n<p><span style=\"text-decoration: line-through;\">\u00a0<\/span><\/p>\n<p><strong>Art. 11\u00a0:<\/strong> Les associations et autres personnes morales sont r\u00e9\u00e9ligibles au directoire dans la limite de trois mandats cons\u00e9cutifs (sauf les membres de droit). Les candidatures \u00e0 l\u2019\u00e9lection de membre du directoire doivent parvenir au secr\u00e9taire d\u2019AA, au moins un mois avant la date o\u00f9 interviendra le vote en assembl\u00e9e g\u00e9n\u00e9rale. Les associations candidates \u00e0 devenir membre actif peuvent \u00e9galement d\u00e9poser une candidature pour entrer au directoire. Cette candidature pourra \u00eatre prise en compte sous condition que leur admission soit valid\u00e9e lors de l\u2019assembl\u00e9e g\u00e9n\u00e9rale et qu\u2019elles versent imm\u00e9diatement leur cotisation.<\/p>\n<p><strong>\u00a0<\/strong><\/p>\n<p><strong>Art. 12<\/strong>\u00a0: Les membres du directoire d\u2019AA \u00e9lisent en leur sein les membres du bureau et se r\u00e9partissent les diff\u00e9rentes fonctions. Le directoire ne pourra valablement d\u00e9lib\u00e9rer que si la moiti\u00e9 au moins de ses membres en exercice est pr\u00e9sente ou repr\u00e9sent\u00e9e. Ses d\u00e9cisions ne peuvent \u00eatre valables que pour autant qu\u2019elles auront obtenu l\u2019approbation de la majorit\u00e9 des membres pr\u00e9sents. En cas de partage \u00e9gal des voix, la voix du pr\u00e9sident sera pr\u00e9pond\u00e9rante. En cas de vacance de la pr\u00e9sidence ou d\u2019absence du pr\u00e9sident, le secr\u00e9taire d\u00e9tient la voix pr\u00e9pond\u00e9rante. Toutefois, si les cinq personnes physiques repr\u00e9sentant les deux membres de droit et une sixi\u00e8me personne repr\u00e9sentant un membre actif s\u2019opposent \u00e0 l\u2019adoption d\u2019une mesure, celle-ci, quand bien m\u00eame elle aurait obtenu la majorit\u00e9 des suffrages, est refus\u00e9e. Les t\u00e2ches de secr\u00e9taire du directoire, de secr\u00e9taire des Etats g\u00e9n\u00e9raux de l\u2019Antiquit\u00e9 et de tr\u00e9sorier seront assum\u00e9es par des membres de droit et pr\u00e9cis\u00e9es s\u2019il y a lieu par le r\u00e8glement int\u00e9rieur.<\/p>\n<p><strong>\u00a0<\/strong><\/p>\n<p><strong>Art. 13<\/strong>\u00a0: Le directoire a qualit\u00e9 pour effectuer toutes d\u00e9marches et prendre toutes d\u00e9cisions propres \u00e0 r\u00e9aliser les buts de l\u2019association. Il d\u00e9lib\u00e8re sur l\u2019utilisation des fonds de l\u2019association.<\/p>\n<p>&nbsp;<\/p>\n<p><strong>Art. 14<\/strong>\u00a0: Un r\u00e8glement int\u00e9rieur peut \u00eatre \u00e9tabli par le directoire qui le fait alors approuver par l\u2019assembl\u00e9e g\u00e9n\u00e9rale. Ce r\u00e8glement \u00e9ventuel est destin\u00e9 \u00e0 fixer les divers points non pr\u00e9vus par les statuts, notamment ceux qui ont trait \u00e0 l\u2019administration interne de l\u2019association.<\/p>\n<p>&nbsp;<\/p>\n<p><strong>Art. 15<\/strong>\u00a0: La modification des pr\u00e9sents statuts peut se faire sur proposition du directoire ou du quart des membres de l\u2019association \u00e0 jour de leur cotisation pour la troisi\u00e8me ann\u00e9e cons\u00e9cutive au moins. Elle est adopt\u00e9e par une assembl\u00e9e g\u00e9n\u00e9rale extraordinaire \u00e0 la majorit\u00e9 des 2\/3 (deux tiers) des membres pr\u00e9sents ou repr\u00e9sent\u00e9s.<\/p>\n<p>&nbsp;<\/p>\n<p><strong>Art. 16<\/strong>\u00a0: La dissolution de l\u2019association peut \u00eatre d\u00e9cid\u00e9e par l\u2019assembl\u00e9e g\u00e9n\u00e9rale, \u00e0 la majorit\u00e9 des 2\/3 (deux tiers) des membres pr\u00e9sents ou repr\u00e9sent\u00e9s. Un ou plusieurs liquidateurs seront alors nomm\u00e9s par celle-ci et l\u2019actif, s\u2019il y a lieu, sera d\u00e9volu conform\u00e9ment \u00e0 l\u2019article 9 de la loi du 1er juillet 1901 et au d\u00e9cret du 16 ao\u00fbt 1901.<\/p>\n<p>&nbsp;<\/p>\n<p>&nbsp;<\/p>\n<!-- AddThis Advanced Settings generic via filter on the_content --><!-- AddThis Share Buttons generic via filter on the_content -->","protected":false},"excerpt":{"rendered":"<p>&nbsp; Statuts vot\u00e9s en Assembl\u00e9e g\u00e9n\u00e9rale extraordinaire le 4 octobre 2025 PR\u00c9AMBULE Le r\u00e9seau Antiquit\u00e9-Avenir est un groupement d\u2019associations li\u00e9es \u00e0 l\u2019Antiquit\u00e9 se donnant pour mission de promouvoir et de valoriser la connaissance, les savoirs et la transmission des sciences de l\u2019Antiquit\u00e9. Ce r\u00e9seau a pour but de\u00a0: 1) faire circuler entre ses membres toutes &hellip; <a href=\"https:\/\/www.antiquite-avenir.org\/?page_id=20\" class=\"more-link\">Continuer la lecture de <span class=\"screen-reader-text\">Les statuts d&rsquo;Antiquit\u00e9-Avenir<\/span>  <span class=\"meta-nav\">&rarr;<\/span><\/a><!-- AddThis Advanced Settings generic via filter on wp_trim_excerpt --><!-- AddThis Share Buttons generic via filter on wp_trim_excerpt --><\/p>\n","protected":false},"author":1,"featured_media":0,"parent":0,"menu_order":0,"comment_status":"closed","ping_status":"closed","template":"","meta":{"footnotes":""},"class_list":["post-20","page","type-page","status-publish","hentry"],"_links":{"self":[{"href":"https:\/\/www.antiquite-avenir.org\/index.php?rest_route=\/wp\/v2\/pages\/20","targetHints":{"allow":["GET"]}}],"collection":[{"href":"https:\/\/www.antiquite-avenir.org\/index.php?rest_route=\/wp\/v2\/pages"}],"about":[{"href":"https:\/\/www.antiquite-avenir.org\/index.php?rest_route=\/wp\/v2\/types\/page"}],"author":[{"embeddable":true,"href":"https:\/\/www.antiquite-avenir.org\/index.php?rest_route=\/wp\/v2\/users\/1"}],"replies":[{"embeddable":true,"href":"https:\/\/www.antiquite-avenir.org\/index.php?rest_route=%2Fwp%2Fv2%2Fcomments&post=20"}],"version-history":[{"count":7,"href":"https:\/\/www.antiquite-avenir.org\/index.php?rest_route=\/wp\/v2\/pages\/20\/revisions"}],"predecessor-version":[{"id":1488,"href":"https:\/\/www.antiquite-avenir.org\/index.php?rest_route=\/wp\/v2\/pages\/20\/revisions\/1488"}],"wp:attachment":[{"href":"https:\/\/www.antiquite-avenir.org\/index.php?rest_route=%2Fwp%2Fv2%2Fmedia&parent=20"}],"curies":[{"name":"wp","href":"https:\/\/api.w.org\/{rel}","templated":true}]}}