{"id":1493,"date":"2026-01-24T10:49:41","date_gmt":"2026-01-24T09:49:41","guid":{"rendered":"https:\/\/www.antiquite-avenir.org\/?page_id=1493"},"modified":"2026-01-24T11:03:22","modified_gmt":"2026-01-24T10:03:22","slug":"aa-a-ete-present-a-lima-en-2025","status":"publish","type":"page","link":"https:\/\/www.antiquite-avenir.org\/?page_id=1493","title":{"rendered":"AA aux Journ\u00e9es de l&rsquo;Histoire de l&rsquo;IMA en 2026"},"content":{"rendered":"<div class=\"page-header\">\n<h1>12e \u00e9dition des Journ\u00e9es de l&rsquo;Histoire \u00e0 l&rsquo;Institut du Monde Arabe. Table ronde AA le dimanche 29 mars 2026 de 10h30 \u00e0 11h45 (organis\u00e9e par A.Sartre).<\/h1>\n<h6>Programme d\u00e9finitif \u00e0 venir<\/h6>\n<h1>11e \u00e9dition des Journ\u00e9es de l&rsquo;Histoire de l\u2019Institut du Monde Arabe. Table ronde : \u00ab Quelques personnages de l&rsquo;Antiquit\u00e9 devenus des h\u00e9ro\u00efnes et des h\u00e9ros \u00bb \u2013 16 mars 2025<\/h1>\n<\/div>\n<div class=\"com-content-article__body\">\n<p>Le r\u00e9seau Antiquit\u00e9 Avenir a \u00e9t\u00e9 repr\u00e9sent\u00e9 dans le cadre des 11e \u00e9dition des Journ\u00e9es de l&rsquo;Histoire de l&rsquo;IMA (\u00ab H\u00e9ro\u00efnes et h\u00e9ros du monde arabe \u00bb) \u00e0 travers la table ronde : \u00ab Quelques personnages de l&rsquo;Antiquit\u00e9 devenus des h\u00e9ro\u00efnes et des h\u00e9ros \u00bb. Les participants \u00e0 la table ronde seront Annie Sartre-Fauriat, (professeur \u00e9m\u00e9rite de l\u2019Universit\u00e9 d\u2019Artois), Mathilde Cazeaux (ma\u00eetresse de conf\u00e9rences \u00e0 l\u2019ENS de Lyon) et Ziad Majed (professeur \u00e0 l\u2019Universit\u00e9 am\u00e9ricaine de Paris). La mod\u00e9ration a \u00e9t\u00e9 assur\u00e9e par Maurice Sartre.<\/p>\n<\/div>\n<!-- AddThis Advanced Settings generic via filter on the_content --><!-- AddThis Share Buttons generic via filter on the_content -->","protected":false},"excerpt":{"rendered":"<p>12e \u00e9dition des Journ\u00e9es de l&rsquo;Histoire \u00e0 l&rsquo;Institut du Monde Arabe. Table ronde AA le dimanche 29 mars 2026 de 10h30 \u00e0 11h45 (organis\u00e9e par A.Sartre). Programme d\u00e9finitif \u00e0 venir 11e \u00e9dition des Journ\u00e9es de l&rsquo;Histoire de l\u2019Institut du Monde Arabe. Table ronde : \u00ab Quelques personnages de l&rsquo;Antiquit\u00e9 devenus des h\u00e9ro\u00efnes et des h\u00e9ros &hellip; <a href=\"https:\/\/www.antiquite-avenir.org\/?page_id=1493\" class=\"more-link\">Continuer la lecture de <span class=\"screen-reader-text\">AA aux Journ\u00e9es de l&rsquo;Histoire de l&rsquo;IMA en 2026<\/span>  <span class=\"meta-nav\">&rarr;<\/span><\/a><!-- AddThis Advanced Settings generic via filter on wp_trim_excerpt --><!-- AddThis Share Buttons generic via filter on wp_trim_excerpt --><\/p>\n","protected":false},"author":1,"featured_media":0,"parent":52,"menu_order":0,"comment_status":"closed","ping_status":"closed","template":"page-templates\/full-width.php","meta":{"footnotes":""},"class_list":["post-1493","page","type-page","status-publish","hentry"],"_links":{"self":[{"href":"https:\/\/www.antiquite-avenir.org\/index.php?rest_route=\/wp\/v2\/pages\/1493","targetHints":{"allow":["GET"]}}],"collection":[{"href":"https:\/\/www.antiquite-avenir.org\/index.php?rest_route=\/wp\/v2\/pages"}],"about":[{"href":"https:\/\/www.antiquite-avenir.org\/index.php?rest_route=\/wp\/v2\/types\/page"}],"author":[{"embeddable":true,"href":"https:\/\/www.antiquite-avenir.org\/index.php?rest_route=\/wp\/v2\/users\/1"}],"replies":[{"embeddable":true,"href":"https:\/\/www.antiquite-avenir.org\/index.php?rest_route=%2Fwp%2Fv2%2Fcomments&post=1493"}],"version-history":[{"count":5,"href":"https:\/\/www.antiquite-avenir.org\/index.php?rest_route=\/wp\/v2\/pages\/1493\/revisions"}],"predecessor-version":[{"id":1498,"href":"https:\/\/www.antiquite-avenir.org\/index.php?rest_route=\/wp\/v2\/pages\/1493\/revisions\/1498"}],"up":[{"embeddable":true,"href":"https:\/\/www.antiquite-avenir.org\/index.php?rest_route=\/wp\/v2\/pages\/52"}],"wp:attachment":[{"href":"https:\/\/www.antiquite-avenir.org\/index.php?rest_route=%2Fwp%2Fv2%2Fmedia&parent=1493"}],"curies":[{"name":"wp","href":"https:\/\/api.w.org\/{rel}","templated":true}]}}

AA aux Journées de l&rsquo;Histoire de l&rsquo;IMA en 2026

<div class="page-header">
<h1>12e édition des Journées de l&rsquo;Histoire à l&rsquo;Institut du Monde Arabe. Table ronde AA le dimanche 29 mars 2026 de 10h30 à 11h45 (organisée par A.Sartre).</h1>
<h6>Programme définitif à venir</h6>
<h1>11e édition des Journées de l&rsquo;Histoire de l’Institut du Monde Arabe. Table ronde : « Quelques personnages de l&rsquo;Antiquité devenus des héroïnes et des héros » – 16 mars 2025</h1>
</div>
<div class="com-content-article__body">
<p>Le réseau Antiquité Avenir a été représenté dans le cadre des 11e édition des Journées de l&rsquo;Histoire de l&rsquo;IMA (« Héroïnes et héros du monde arabe ») à travers la table ronde : « Quelques personnages de l&rsquo;Antiquité devenus des héroïnes et des héros ». Les participants à la table ronde seront Annie Sartre-Fauriat, (professeur émérite de l’Université d’Artois), Mathilde Cazeaux (maîtresse de conférences à l’ENS de Lyon) et Ziad Majed (professeur à l’Université américaine de Paris). La modération a été assurée par Maurice Sartre.</p>
</div>
<!-- AddThis Advanced Settings generic via filter on the_content --><!-- AddThis Share Buttons generic via filter on the_content -->

<p>12e édition des Journées de l&rsquo;Histoire à l&rsquo;Institut du Monde Arabe. Table ronde AA le dimanche 29 mars 2026 de 10h30 à 11h45 (organisée par A.Sartre). Programme définitif à venir 11e édition des Journées de l&rsquo;Histoire de l’Institut du Monde Arabe. Table ronde : « Quelques personnages de l&rsquo;Antiquité devenus des héroïnes et des héros &hellip; <a href="https://www.antiquite-avenir.org/?page_id=1493" class="more-link">Continuer la lecture de <span class="screen-reader-text">AA aux Journées de l&rsquo;Histoire de l&rsquo;IMA en 2026</span>  <span class="meta-nav">&rarr;</span></a><!-- AddThis Advanced Settings generic via filter on wp_trim_excerpt --><!-- AddThis Share Buttons generic via filter on wp_trim_excerpt --></p>
